reatest common factor of 1721 and 264481559.
1721
What is the highest common factor of 573365 and 2626?
13
What is the greatest common factor of 16965 and 1534?
13
What is the greatest common divisor of 44 and 3176?
4
What is the highest common divisor of 257138 and 42?
14
Calculate the highest common factor of 220572 and 1055515.
557
Calculate the highest common factor of 5931731 and 91.
13
Calculate the greatest common factor of 65894939 and 41701.
2453
Calculate the highest common divisor of 453295080 and 36.
36
What is the greatest common factor of 168302424 and 12?
12
What is the highest common divisor of 295477 and 819?
91
What is the highest common factor of 675376 and 120224?
3536
What is the greatest common divisor of 49419 and 1422?
9
Calculate the greatest common divisor of 535043 and 17723.
479
Calculate the highest common factor of 3804 and 4414225.
317
Calculate the greatest common divisor of 1022 and 5452881.
511
What is the greatest common divisor of 1558931 and 57266?
209
What is the greatest common divisor of 32681 and 2566944?
2971
Calculate the greatest common factor of 14725 and 130948.
19
Calculate the greatest common factor of 13953727 and 655.
131
What is the highest common divisor of 73541 and 18616?
13
What is the highest common factor of 1149368331 and 2094?
1047
What is the highest common divisor of 10125207 and 1098?
549
Calculate the highest common factor of 11676 and 8.
4
What is the highest common factor of 88574489 and 3935?
787
Calculate the highest common factor of 65226 and 12184838.
3106
What is the highest common divisor of 124795440 and 80?
80
What is the greatest common factor of 147905388 and 90?
18
What is the greatest common factor of 1523100 and 4800?
300
What is the highest common divisor of 7008 and 391584?
96
Calculate the highest common divisor of 2004496 and 1748.
92
What is the highest common divisor of 32 and 24860564?
4
What is the greatest common factor of 56 and 85479744?
56
What is the highest common divisor of 9 and 53181489?
3
Calculate the greatest common divisor of 81 and 224892.
9
Calculate the greatest common factor of 56542 and 13022.
34
Calculate the highest common factor of 818 and 21033643.
409
Calculate the highest common factor of 388064 and 251952.
2896
Calculate the greatest common divisor of 167595282 and 9.
9
What is the greatest common divisor of 614919261 and 33?
33
What is the highest common factor of 8276600 and 200?
200
What is the highest common factor of 2018 and 10149531?
1009
What is the greatest common divisor of 48931841 and 47?
47
What is the greatest common factor of 33404 and 2479054?
2386
Calculate the greatest common divisor of 5180 and 2202980.
740
What is the highest common factor of 1497 and 9813?
3
What is the highest common factor of 405450 and 3334230?
4770
What is the highest common factor of 1785712 and 20?
4
Calculate the highest common divisor of 182 and 601706.
14
Calculate the highest common factor of 78 and 180018228.
78
Calculate the greatest common factor of 167589875 and 31.
31
Calculate the highest common factor of 119543679 and 25104.
1569
Calculate the greatest common factor of 829643168 and 32.
32
What is the greatest common factor of 749 and 23917187?
7
What is the highest common factor of 312 and 245192?
8
Calculate the highest common divisor of 8773 and 75547.
31
Calculate the greatest common factor of 138142112 and 32.
32
What is the greatest common divisor of 28690 and 6365?
95
Calculate the highest common divisor of 3752 and 353471699.
469
What is the greatest common divisor of 13728 and 111818564?
572
What is the greatest common factor of 90526293 and 279?
279
What is the greatest common divisor of 48155 and 18790?
5
Calculate the highest common factor of 11747 and 263874.
17
What is the greatest common factor of 91584 and 820908?
108
What is the greatest common divisor of 270 and 292635?
45
What is the greatest common divisor of 118525 and 143?
11
Calculate the greatest common factor of 2157408 and 5830495.
2497
Calculate the highest common factor of 325 and 354633625.
25
Calculate the greatest common factor of 13450 and 236451.
269
Calculate the greatest common factor of 3372685 and 15.
5
Calculate the highest common divisor of 48 and 594356184.
24
Calculate the highest common divisor of 2301026 and 5076.
94
Calculate the highest common divisor of 22104 and 80085248.
2456
What is the greatest common divisor of 358 and 405793?
179
Calculate the greatest common divisor of 894744 and 7038.
306
Calculate the greatest common divisor of 10553 and 62281.
61
What is the highest common divisor of 9251428 and 92?
92
What is the greatest common factor of 7462400 and 499048?
4664
Calculate the greatest common factor of 9345 and 144625.
445
Calculate the highest common factor of 790 and 1074874.
158
Calculate the greatest common factor of 18 and 89381034.
18
Calculate the highest common factor of 108 and 499916.
4
What is the greatest common factor of 563214540 and 1148?
1148
What is the highest common divisor of 1509944 and 20?
4
What is the greatest common divisor of 129514748 and 2024?
1012
What is the highest common factor of 2094646 and 10?
2
What is the highest common factor of 148070 and 79560?
2210
Calculate the greatest common divisor of 189108185 and 3220.
805
What is the highest common factor of 28492 and 61488250?
838
Calculate the highest common factor of 61410 and 763.
1
What is the greatest common divisor of 2735122 and 124254?
1534
Calculate the highest common factor of 100654 and 185954.
1706
Calculate the greatest common divisor of 3718 and 551199077.
1859
What is the greatest common divisor of 428840 and 310305?
755
What is the greatest common factor of 13503 and 707943?
1929
What is the greatest common factor of 13370940 and 2538?
54
Calculate the highest common factor of 635153 and 64457.
43
Calculate the greatest common factor of 15798 and 12186.
6
What is the greatest common divisor of 180362882 and 3304?
826
What is the highest common divisor of 74414 and 31833796?
2566
What is the highest common factor of 140327 and 1441?
11
What is the highest common factor of 10335 and 1885245?
15
What is the greatest common factor of 12190 and 6302?
46
Calculate the greatest common divisor of 567468 and 58212.
396
Calculate the highest common divisor of 94 and 1160101.
47
What is the highest common factor of 183880 and 217070?
10
Calculate the greatest common factor of 49286 and 141398.
38
What is the greatest common divisor of 4107 and 6712207?
1369
Calculate the greatest common divisor of 2180414 and 228573.
233
Calculate the greatest common factor of 7855 and 11824917.
1571
What is the highest common factor of 689338 and 12?
2
Calculate the greatest common divisor of 233520 and 1490160.
1680
Calculate the greatest common factor of 442883574 and 14.
14
Calculate the highest common divisor of 71970 and 11370.
30
What is the greatest common divisor of 565995273 and 2517?
2517
What is the greatest common divisor of 39631492 and 152?
76
Calculate the greatest common factor of 6673977 and 4572.
1143
What is the highest common factor of 38518375 and 175?
175
What is the highest common factor of 23523767 and 3819?
1273
Calculate the greatest common factor of 216 and 83268324.
108
What is the greatest common divisor of 13685833 and 11305?
2261
What is the highest common divisor of 238867 and 12512?
17
Calculate the highest common divisor of 5915 and 216300.
35
Calculate the greatest common factor of 58536620 and 60.
20
Calculate the highest common factor of 1983098 and 1890538.
2314
Calculate the greatest common divisor of 312 and 6808896.
24
What is the highest common factor of 7208 and 444670?
106
What is the highest common divisor of 327431004 and 12?
12
Calculate the highest common divisor of 702 and 2278354.
26
Calculate the greatest common divisor of 1022 and 2549087.
73
What is the highest common factor of 5713 and 27260?
29
Calculate the greatest common factor of 45 and 1585996185.
15
What is the highest common divisor of 8613 and 246937581?
2871
What is the highest common factor of 5864825 and 24320?
95
Calculate the highest common factor of 48 and 214038336.
48
What is the highest common divisor of 2178230 and 10?
10
Calcu